{"id":617,"date":"2024-04-23T16:40:37","date_gmt":"2024-04-23T14:40:37","guid":{"rendered":"https:\/\/gakotc.com\/?page_id=617"},"modified":"2025-12-14T22:54:43","modified_gmt":"2025-12-14T21:54:43","slug":"politica-de-cookies","status":"publish","type":"page","link":"https:\/\/gakotc.com\/index.php\/politica-de-cookies\/","title":{"rendered":""},"content":{"rendered":"\t\t<div data-elementor-type=\"wp-page\" data-elementor-id=\"617\" class=\"elementor elementor-617\">\n\t\t\t\t<div class=\"elementor-element elementor-element-822bbc0 e-flex e-con-boxed e-con e-parent\" data-id=\"822bbc0\" data-element_type=\"container\" data-e-type=\"container\">\n\t\t\t\t\t<div class=\"e-con-inner\">\n\t\t\t\t<div class=\"elementor-element elementor-element-950428c elementor-widget elementor-widget-text-editor\" data-id=\"950428c\" data-element_type=\"widget\" data-e-type=\"widget\" data-widget_type=\"text-editor.default\">\n\t\t\t\t<div class=\"elementor-widget-container\">\n\t\t\t\t\t\t\t\t\t<p><b>Politica Privacidad en la web<\/b><\/p>\n<p><b>Identificaci\u00f3n del responsable:<\/b><\/p>\n<p><span style=\"font-weight: 400;\">ASOCIACI\u00d3N ESTUDIANTIL JUNIOR EMPRESA GAKO (en adelante, GAKO<\/span><span style=\"font-weight: 400;\">) con NIF G56586787 y domicilio en Leandro Agirretxe Plazatxoa, 1, 20304 Irun, Gipuzkoa<\/span><\/p>\n<p><span style=\"font-weight: 400;\">Contacto:&nbsp; gakoteamcompany@gakotc.com<\/span><\/p>\n<p><b>\u00bfQui\u00e9n es el Responsable del tratamiento de sus datos?<\/b><\/p>\n<p><span style=\"font-weight: 400;\">La presente pol\u00edtica de privacidad aplica a todos los datos de car\u00e1cter personal que el interesado aporte a <\/span><span style=\"font-weight: 400;\">GAKO<\/span><span style=\"font-weight: 400;\">, as\u00ed como a toda persona f\u00edsica interesada en las actividades y servicios que <\/span><span style=\"font-weight: 400;\">GAKO <\/span><span style=\"font-weight: 400;\">ofrece a trav\u00e9s de sus p\u00e1ginas web y a trav\u00e9s de cualquier otro medio de comunicaci\u00f3n. El objetivo de la Pol\u00edtica de Privacidad de <\/span><span style=\"font-weight: 400;\">GAKO <\/span><span style=\"font-weight: 400;\">es dar transparencia a la informaci\u00f3n de c\u00f3mo tratamos sus datos personales en cumplimiento de la normativa vigente en protecci\u00f3n de datos.<\/span><\/p>\n<p><span style=\"font-weight: 400;\">El interesado podr\u00e1 ponerse en contacto con <\/span><span style=\"font-weight: 400;\">GAKO <\/span><span style=\"font-weight: 400;\">a trav\u00e9s de la informaci\u00f3n detallada en la identificaci\u00f3n del responsable.<\/span><\/p>\n<p><b>\u00bfCon qu\u00e9 finalidad tratamos sus datos personales y con qu\u00e9 legitimaci\u00f3n?<\/b><\/p>\n<p><span style=\"font-weight: 400;\">GAKO <\/span><span style=\"font-weight: 400;\">dispone de un Registro de Actividades de Tratamiento donde se detallan cada uno de los siguientes tratamientos realizados como responsable de tratamiento: En el caso, debidamente justificado, que requiera conocer mayor detalle en cuanto al Registro de Actividades de Tratamiento puede dirigirse a <\/span><span style=\"font-weight: 400;\">GAKO <\/span><span style=\"font-weight: 400;\">mediante cualquiera de los canales identificados.<\/span><\/p>\n<p><span id=\"docs-internal-guid-878eac90-7fff-3136-07aa-720f1efaf6d1\"><span style=\"font-size: 11pt; font-family: Montserrat, sans-serif; color: #000000; background-color: transparent; font-variant-numeric: normal; font-variant-east-asian: normal; font-variant-alternates: normal; font-variant-position: normal; vertical-align: baseline; white-space-collapse: preserve;\"><span style=\"border: none; display: inline-block; overflow: hidden; width: 673px; height: 552px;\"><img fetchpriority=\"high\" decoding=\"async\" class=\"alignnone size-medium wp-image-2366\" src=\"https:\/\/gakotc.com\/wp-content\/uploads\/2025\/12\/Captura-de-pantalla-2025-12-14-225401-555x600.png\" alt=\"\" width=\"555\" height=\"600\" srcset=\"https:\/\/gakotc.com\/wp-content\/uploads\/2025\/12\/Captura-de-pantalla-2025-12-14-225401-555x600.png 555w, https:\/\/gakotc.com\/wp-content\/uploads\/2025\/12\/Captura-de-pantalla-2025-12-14-225401.png 630w\" sizes=\"(max-width: 555px) 100vw, 555px\" \/><\/span><\/span><\/span><span style=\"font-weight: 400;\"><br><\/span><\/p>\n<p><span style=\"font-weight: 400;\">&nbsp;<\/span><\/p>\n<p><b>\u00bfPor cu\u00e1nto tiempo conservamos sus datos personales?<\/b><\/p>\n<p><span style=\"font-weight: 400;\">GAKO <\/span><span style=\"font-weight: 400;\">conservar\u00e1 los datos de los afectados mientras dure su relaci\u00f3n con la organizaci\u00f3n y posteriormente a la misma, se conservar\u00e1n los datos acorde a lo dispuesto en la normativa de archivo y documentaci\u00f3n que cada legislaci\u00f3n aplicable establezca. En caso de que solicite un derecho se proceder\u00e1 a la supresi\u00f3n de sus datos en funci\u00f3n al derecho que haya solicitado.<\/span><\/p>\n<p><b>\u00bfQui\u00e9n tiene acceso a sus datos personales?<\/b><\/p>\n<p><span style=\"font-weight: 400;\">GAKO <\/span><span style=\"font-weight: 400;\">podr\u00e1 realizar cesiones o comunicaciones de datos personales para atender sus obligaciones con las Administraciones P\u00fablicas en los casos que as\u00ed se requiera de acuerdo con la legislaci\u00f3n vigente en cada momento.<\/span><\/p>\n<p><b>\u00bfCu\u00e1les son los derechos de los afectados?<\/b><\/p>\n<p><span style=\"font-weight: 400;\">Le informamos de que podr\u00e1 ejercer los siguientes derechos:<\/span><\/p>\n<ol>\n<li style=\"font-weight: 400;\" aria-level=\"1\"><span style=\"font-weight: 400;\">Derecho de acceso a sus datos personales para saber cu\u00e1les est\u00e1n siendo objeto de tratamiento;&nbsp;<\/span><\/li>\n<li style=\"font-weight: 400;\" aria-level=\"1\"><span style=\"font-weight: 400;\">Derecho de rectificaci\u00f3n de cualquier dato personal inexacto;&nbsp;<\/span><\/li>\n<li style=\"font-weight: 400;\" aria-level=\"1\"><span style=\"font-weight: 400;\">Derecho de supresi\u00f3n de sus datos personales, cuando esto sea posible;&nbsp;<\/span><\/li>\n<li style=\"font-weight: 400;\" aria-level=\"1\"><span style=\"font-weight: 400;\">Derecho a solicitar la limitaci\u00f3n del tratamiento de sus datos personales cuando la exactitud, la legalidad o la necesidad del tratamiento de los datos resulte dudosa, en cuyo caso, podremos conservar los datos para el ejercicio o la defensa de reclamaciones.<\/span><\/li>\n<li style=\"font-weight: 400;\" aria-level=\"1\"><span style=\"font-weight: 400;\">Derecho de oposici\u00f3n al tratamiento de sus datos personales, cuando la base legal que nos habilite para su tratamiento sea el inter\u00e9s leg\u00edtimo. <\/span><span style=\"font-weight: 400;\">GAKO <\/span><span style=\"font-weight: 400;\">dejar\u00e1 de tratar sus datos salvo que tenga un inter\u00e9s leg\u00edtimo imperioso o para la formulaci\u00f3n, el ejercicio o la defensa de reclamaciones.<\/span><\/li>\n<li style=\"font-weight: 400;\" aria-level=\"1\"><span style=\"font-weight: 400;\">Derecho a la portabilidad de sus datos, cuando la base legal que nos habilite para su tratamiento de las indicadas sea su<\/span><span style=\"font-weight: 400;\"> consentimiento.<\/span><\/li>\n<\/ol>\n<p><span style=\"font-weight: 400;\">Dichos derechos podr\u00e1n ser ejercitados gratuitamente por el interesado, y en su caso quien lo represente, mediante solicitud escrita dirigida a <\/span><span style=\"font-weight: 400;\">infogako@gakotc.com<\/span><\/p>\n<p><span style=\"font-weight: 400;\">Adem\u00e1s de los anteriores derechos, el interesado tendr\u00e1 derecho a retirar el consentimiento otorgado en cualquier momento sin que dicha retirada de consentimiento afecte a la licitud del tratamiento anterior a la retirada del mismo. <\/span><span style=\"font-weight: 400;\">GAKO <\/span><span style=\"font-weight: 400;\">podr\u00e1 continuar tratando los datos del interesado en la medida en que la ley aplicable lo permita.<\/span><\/p>\n<p><span style=\"font-weight: 400;\">GAKO <\/span><span style=\"font-weight: 400;\">recuerda al interesado que tiene derecho a presentar una reclamaci\u00f3n ante la Autoridad de Control competente del pa\u00eds en el que se encuentra.&nbsp;<\/span><\/p>\n<p><b>Baja en el servicio del env\u00edo de comunicaciones comerciales<\/b><\/p>\n<p><span style=\"font-weight: 400;\">El interesado tiene derecho a revocar en cualquier momento el consentimiento prestado para el env\u00edo de comunicaciones comerciales con la simple notificaci\u00f3n a <\/span><span style=\"font-weight: 400;\">GAKO <\/span><span style=\"font-weight: 400;\">por la cual informa que no desea seg<\/span><span style=\"font-weight: 400;\">uir recibiendo comunicaciones comerciales. Para ello, el interesado podr\u00e1 pinchar en el enlace incluido en cada comunicaci\u00f3n cancelando el env\u00edo de comunicaciones comerciales electr\u00f3nicas o bien revocar su consentimiento mediante comunicado a <\/span><span style=\"font-weight: 400;\">infogako@gakotc.com<\/span><\/p>\n<p><b>\u00bfQu\u00e9 medidas de seguridad tenemos implementadas?<\/b><\/p>\n<p><span style=\"font-weight: 400;\">GAKO <\/span><span style=\"font-weight: 400;\">se compromete al cumplimiento de su obligaci\u00f3n de secreto de los datos de car\u00e1cter personal y de su deber de guardarlos, y adoptar\u00e1 las medidas necesarias para evitar su alteraci\u00f3n, p\u00e9rdida, tratamiento o acceso no autorizado, de acuerdo con lo establecido por normativa aplicable.<\/span><\/p>\n<p><span style=\"font-weight: 400;\">GAKO <\/span><span style=\"font-weight: 400;\">tiene implantadas las medidas de seguridad de \u00edndole t\u00e9cnica y organizativas necesarias para garantizar la seguridad de sus datos de car\u00e1cter personal y evitar su alteraci\u00f3n, p\u00e9rdida y tratamiento y\/o acceso no autorizado, habida cuenta del estado de la tecnolog\u00eda, la naturaleza de los datos almacenados y los riesgos a que est\u00e1n expuestos, ya provengan de la acci\u00f3n humana o del medio f\u00edsico o natural, de acuerdo a lo establecido por la normativa aplicable.<\/span><\/p>\n<p><b>Links<\/b><\/p>\n<p><span style=\"font-weight: 400;\">La p\u00e1gina web de <\/span><span style=\"font-weight: 400;\">GAKO <\/span><span style=\"font-weight: 400;\">puede incluir hiperv\u00ednculos a otros sitios que no son operados o controlados por <\/span><span style=\"font-weight: 400;\">GAKO <\/span><span style=\"font-weight: 400;\">. Por ello, <\/span><span style=\"font-weight: 400;\">GAKO <\/span><span style=\"font-weight: 400;\">no garantiza, ni se hace responsable de la licitud, fiabilidad, utilidad, veracidad y actualidad de los contenidos de tales sitios web o de sus pr\u00e1cticas de privacidad. Por favor antes de proporcionar su informaci\u00f3n personal a estos sitios web ajenos a <\/span><span style=\"font-weight: 400;\">GAKO <\/span><span style=\"font-weight: 400;\">tenga en cuenta que su cumplimiento en materia de protecci\u00f3n de datos puede diferir del nuestro.&nbsp;<\/span><\/p>\n<p><b>Modificaci\u00f3n de la Pol\u00edtica de Privacidad<\/b><\/p>\n<p><span style=\"font-weight: 400;\">GAKO <\/span><span style=\"font-weight: 400;\">podr\u00e1 modificar su Pol\u00edtica de Privacidad de acuerdo con la legislaci\u00f3n aplicable en cada momento. En todo caso, cualquier modificaci\u00f3n de la Pol\u00edtica de Privacidad le ser\u00e1 debidamente notificada al Afectado para que, quede informado de los cambios realizados en el tratamiento de sus datos personales y, en caso de que la normativa aplicable as\u00ed lo exija, el Afectado pueda otorgar su consentimiento.<\/span><\/p>\n<p><b>\u00daltima actualizaci\u00f3n de la Pol\u00edtica de Privacidad de <\/b><span style=\"font-weight: 400;\">GAKO<\/span><b> de 2025.<\/b><\/p>\t\t\t\t\t\t\t\t<\/div>\n\t\t\t\t<\/div>\n\t\t\t\t\t<\/div>\n\t\t\t\t<\/div>\n\t\t<div class=\"elementor-element elementor-element-6ceab9e2 e-con-full e-flex e-con e-parent\" data-id=\"6ceab9e2\" data-element_type=\"container\" data-e-type=\"container\" data-settings=\"{&quot;background_background&quot;:&quot;classic&quot;}\">\n\t\t\t\t<div class=\"elementor-element elementor-element-1da7c445 elementor-position-left elementor-vertical-align-middle elementor-widget elementor-widget-image-box\" data-id=\"1da7c445\" data-element_type=\"widget\" data-e-type=\"widget\" data-widget_type=\"image-box.default\">\n\t\t\t\t<div class=\"elementor-widget-container\">\n\t\t\t\t\t<div class=\"elementor-image-box-wrapper\"><figure class=\"elementor-image-box-img\"><img decoding=\"async\" width=\"300\" height=\"300\" src=\"https:\/\/gakotc.com\/wp-content\/uploads\/2024\/12\/57942d18-0bfd-4b00-9c3f-f0fce4611a0c-removebg-preview-300x300.png\" class=\"attachment-thumbnail size-thumbnail wp-image-1673\" alt=\"\" \/><\/figure><div class=\"elementor-image-box-content\"><h3 class=\"elementor-image-box-title\">HUB LEGAL<\/h3><\/div><\/div>\t\t\t\t<\/div>\n\t\t\t\t<\/div>\n\t\t<div class=\"elementor-element elementor-element-717359e2 e-flex e-con-boxed e-con e-child\" data-id=\"717359e2\" data-element_type=\"container\" data-e-type=\"container\" data-settings=\"{&quot;background_background&quot;:&quot;classic&quot;}\">\n\t\t\t\t\t<div class=\"e-con-inner\">\n\t\t\t\t<div class=\"elementor-element elementor-element-231983d3 elementor-button-info elementor-align-left elementor-widget elementor-widget-button\" data-id=\"231983d3\" data-element_type=\"widget\" data-e-type=\"widget\" data-widget_type=\"button.default\">\n\t\t\t\t<div class=\"elementor-widget-container\">\n\t\t\t\t\t\t\t\t\t<div class=\"elementor-button-wrapper\">\n\t\t\t\t\t<a class=\"elementor-button elementor-button-link elementor-size-sm\" href=\"https:\/\/gakotc.com\/index.php\/aviso-legal\/\" target=\"_blank\">\n\t\t\t\t\t\t<span class=\"elementor-button-content-wrapper\">\n\t\t\t\t\t\t<span class=\"elementor-button-icon\">\n\t\t\t\t<svg aria-hidden=\"true\" class=\"e-font-icon-svg e-fas-check\" viewBox=\"0 0 512 512\" xmlns=\"http:\/\/www.w3.org\/2000\/svg\"><path d=\"M173.898 439.404l-166.4-166.4c-9.997-9.997-9.997-26.206 0-36.204l36.203-36.204c9.997-9.998 26.207-9.998 36.204 0L192 312.69 432.095 72.596c9.997-9.997 26.207-9.997 36.204 0l36.203 36.204c9.997 9.997 9.997 26.206 0 36.204l-294.4 294.401c-9.998 9.997-26.207 9.997-36.204-.001z\"><\/path><\/svg>\t\t\t<\/span>\n\t\t\t\t\t\t\t\t\t<span class=\"elementor-button-text\">Aviso Legal<\/span>\n\t\t\t\t\t<\/span>\n\t\t\t\t\t<\/a>\n\t\t\t\t<\/div>\n\t\t\t\t\t\t\t\t<\/div>\n\t\t\t\t<\/div>\n\t\t\t\t<div class=\"elementor-element elementor-element-42682da7 elementor-button-info elementor-widget elementor-widget-button\" data-id=\"42682da7\" data-element_type=\"widget\" data-e-type=\"widget\" data-widget_type=\"button.default\">\n\t\t\t\t<div class=\"elementor-widget-container\">\n\t\t\t\t\t\t\t\t\t<div class=\"elementor-button-wrapper\">\n\t\t\t\t\t<a class=\"elementor-button elementor-button-link elementor-size-sm\" href=\"https:\/\/gakotc.com\/index.php\/politica-de-cookies\/\" target=\"_blank\">\n\t\t\t\t\t\t<span class=\"elementor-button-content-wrapper\">\n\t\t\t\t\t\t<span class=\"elementor-button-icon\">\n\t\t\t\t<svg aria-hidden=\"true\" class=\"e-font-icon-svg e-fas-info-circle\" viewBox=\"0 0 512 512\" xmlns=\"http:\/\/www.w3.org\/2000\/svg\"><path d=\"M256 8C119.043 8 8 119.083 8 256c0 136.997 111.043 248 248 248s248-111.003 248-248C504 119.083 392.957 8 256 8zm0 110c23.196 0 42 18.804 42 42s-18.804 42-42 42-42-18.804-42-42 18.804-42 42-42zm56 254c0 6.627-5.373 12-12 12h-88c-6.627 0-12-5.373-12-12v-24c0-6.627 5.373-12 12-12h12v-64h-12c-6.627 0-12-5.373-12-12v-24c0-6.627 5.373-12 12-12h64c6.627 0 12 5.373 12 12v100h12c6.627 0 12 5.373 12 12v24z\"><\/path><\/svg>\t\t\t<\/span>\n\t\t\t\t\t\t\t\t\t<span class=\"elementor-button-text\">Politica de Privacidad<\/span>\n\t\t\t\t\t<\/span>\n\t\t\t\t\t<\/a>\n\t\t\t\t<\/div>\n\t\t\t\t\t\t\t\t<\/div>\n\t\t\t\t<\/div>\n\t\t\t\t<div class=\"elementor-element elementor-element-35d01c32 elementor-button-info elementor-widget elementor-widget-button\" data-id=\"35d01c32\" data-element_type=\"widget\" data-e-type=\"widget\" data-widget_type=\"button.default\">\n\t\t\t\t<div class=\"elementor-widget-container\">\n\t\t\t\t\t\t\t\t\t<div class=\"elementor-button-wrapper\">\n\t\t\t\t\t<a class=\"elementor-button elementor-button-link elementor-size-sm\" href=\"https:\/\/gakotc.com\/index.php\/politica-de-cookies-2\/\" target=\"_blank\">\n\t\t\t\t\t\t<span class=\"elementor-button-content-wrapper\">\n\t\t\t\t\t\t<span class=\"elementor-button-icon\">\n\t\t\t\t<svg aria-hidden=\"true\" class=\"e-font-icon-svg e-fas-cookie-bite\" viewBox=\"0 0 512 512\" xmlns=\"http:\/\/www.w3.org\/2000\/svg\"><path d=\"M510.52 255.82c-69.97-.85-126.47-57.69-126.47-127.86-70.17 0-127-56.49-127.86-126.45-27.26-4.14-55.13.3-79.72 12.82l-69.13 35.22a132.221 132.221 0 0 0-57.79 57.81l-35.1 68.88a132.645 132.645 0 0 0-12.82 80.95l12.08 76.27a132.521 132.521 0 0 0 37.16 72.96l54.77 54.76a132.036 132.036 0 0 0 72.71 37.06l76.71 12.15c27.51 4.36 55.7-.11 80.53-12.76l69.13-35.21a132.273 132.273 0 0 0 57.79-57.81l35.1-68.88c12.56-24.64 17.01-52.58 12.91-79.91zM176 368c-17.67 0-32-14.33-32-32s14.33-32 32-32 32 14.33 32 32-14.33 32-32 32zm32-160c-17.67 0-32-14.33-32-32s14.33-32 32-32 32 14.33 32 32-14.33 32-32 32zm160 128c-17.67 0-32-14.33-32-32s14.33-32 32-32 32 14.33 32 32-14.33 32-32 32z\"><\/path><\/svg>\t\t\t<\/span>\n\t\t\t\t\t\t\t\t\t<span class=\"elementor-button-text\">Politica de Cookies<\/span>\n\t\t\t\t\t<\/span>\n\t\t\t\t\t<\/a>\n\t\t\t\t<\/div>\n\t\t\t\t\t\t\t\t<\/div>\n\t\t\t\t<\/div>\n\t\t<div class=\"elementor-element elementor-element-262603d9 e-con-full e-flex e-con e-child\" data-id=\"262603d9\" data-element_type=\"container\" data-e-type=\"container\" data-settings=\"{&quot;background_background&quot;:&quot;classic&quot;}\">\n\t\t\t\t<div class=\"elementor-element elementor-element-7c557cb9 elementor-widget elementor-widget-heading\" data-id=\"7c557cb9\" data-element_type=\"widget\" data-e-type=\"widget\" data-widget_type=\"heading.default\">\n\t\t\t\t<div class=\"elementor-widget-container\">\n\t\t\t\t\t<p class=\"elementor-heading-title elementor-size-default\">Asociaci\u00f3n Estudiantil Junior empresa Gako 2024\u00a9<\/p>\t\t\t\t<\/div>\n\t\t\t\t<\/div>\n\t\t\t\t<\/div>\n\t\t\t\t\t<\/div>\n\t\t\t\t<\/div>\n\t\t\t\t<\/div>\n\t\t\t\t<\/div>\n\t\t","protected":false},"excerpt":{"rendered":"<p>Politica Privacidad en la web Identificaci\u00f3n del responsable: ASOCIACI\u00d3N ESTUDIANTIL JUNIOR EMPRESA GAKO (en adelante, GAKO) con NIF G56586787 y domicilio en Leandro Agirretxe Plazatxoa, 1, 20304 Irun, Gipuzkoa Contacto:&nbsp; gakoteamcompany@gakotc.com \u00bfQui\u00e9n es el Responsable del tratamiento de sus datos? La presente pol\u00edtica de privacidad aplica a todos los datos de car\u00e1cter personal que el [&hellip;]<\/p>\n","protected":false},"author":1,"featured_media":0,"parent":0,"menu_order":0,"comment_status":"closed","ping_status":"closed","template":"","meta":{"_monsterinsights_skip_tracking":false,"_monsterinsights_sitenote_active":false,"_monsterinsights_sitenote_note":"","_monsterinsights_sitenote_category":0,"_themeisle_gutenberg_block_has_review":false,"footnotes":""},"class_list":["post-617","page","type-page","status-publish","hentry"],"aioseo_notices":[],"_links":{"self":[{"href":"https:\/\/gakotc.com\/index.php\/wp-json\/wp\/v2\/pages\/617","targetHints":{"allow":["GET"]}}],"collection":[{"href":"https:\/\/gakotc.com\/index.php\/wp-json\/wp\/v2\/pages"}],"about":[{"href":"https:\/\/gakotc.com\/index.php\/wp-json\/wp\/v2\/types\/page"}],"author":[{"embeddable":true,"href":"https:\/\/gakotc.com\/index.php\/wp-json\/wp\/v2\/users\/1"}],"replies":[{"embeddable":true,"href":"https:\/\/gakotc.com\/index.php\/wp-json\/wp\/v2\/comments?post=617"}],"version-history":[{"count":18,"href":"https:\/\/gakotc.com\/index.php\/wp-json\/wp\/v2\/pages\/617\/revisions"}],"predecessor-version":[{"id":2369,"href":"https:\/\/gakotc.com\/index.php\/wp-json\/wp\/v2\/pages\/617\/revisions\/2369"}],"wp:attachment":[{"href":"https:\/\/gakotc.com\/index.php\/wp-json\/wp\/v2\/media?parent=617"}],"curies":[{"name":"wp","href":"https:\/\/api.w.org\/{rel}","templated":true}]}}